6).
12
Let t(r) = 3*r - 7. Let d be t(3). Let k(y) = -d*y**2 + y**2 - 3*y + 2*y. What is k(-3)?
-6
Let d(n) be the second derivative of -n**6/360 - n**5/120 - n**4/6 + 3*n. Let t(w) be the third derivative of d(w). Let m = -12 + 17. What is t(m)?
-11
Suppose -3*k = -2*s + 19, -3*s - 7*k = -3*k - 37. Suppose 5*t = r - 10 - 3, -s = 5*t - 2*r. Let q(l) = l**2 + 7*l + 3. Calculate q(t).
-9
Let r(g) = 14*g**3 + 29*g**2 + g - 5. Let u(z) = -5*z**3 - 10*z**2 + 2. Let d(y) = -6*r(y) - 17*u(y). Suppose n + 4*f = -f + 5, f + 25 = 5*n. Calculate d(n).
-9
Let g(v) = -v**3 + 4*v**2 + 6*v + 1. Let b be g(5). Let y(k) = k + 2. Determine y(b).
8
Suppose 0 = -2*m + 2 + 2. Let n(v) be the second derivative of -1/6*v**4 + 0*v**3 - 1/2*v**m - v + 0. What is n(-2)?
-9
Let w(u) be the first derivative of u**6/360 - u**5/30 + u**4/8 + 8*u**3/3 + 4. Let z(m) be the third derivative of w(m). Suppose 6*h = 2*h + 12. Give z(h).
0
Let t be (-2 + 8)*3/9. Let b(v) = -2 - 2*v**2 + 3*v + 0*v**t + v**2 - 9*v. Calculate b(-5).
3
Let t(d) = 0*d**2 - d + d**3 - 1 - 3*d + 3*d**2. Give t(-4).
-1
Let q(t) = t**2 + 3*t - 7. Let b be q(-5). Let p(m) be the first derivative of m**4/4 - m**3 - m**2/2 + 3*m - 1. What is p(b)?
0
Suppose 3*n = 7*n - 76. Let l(g) = -3*g - g**2 + n - 16 - g. Calculate l(-4).
3
Let f(w) = -19*w**3 - 13*w**2 - 5*w - 9. Let j(b) = 5*b**3 + 3*b**2 + b + 2. Let q(h) = -2*f(h) - 9*j(h). Give q(1).
-7
Let m(z) = 13*z**3 - z**2 - 3*z + 15. Let r(y) = -7*y**3 + y**2 + y - 8. Let c(l) = -6*m(l) - 11*r(l). What is c(-6)?
-8
Let n(f) = 7*f**3 - 5*f**2 + 6. Let c(l) = 7*l**3 - 4*l**2 + 5. Let s(w) = 7*c(w) - 6*n(w). Suppose 4*q = -5*x - 17, 1 = q + 4. What is s(x)?
-6
Let f(z) = z + 7*z + 5 + z - 2. Let k(g) = -g. Let v(l) = f(l) + 6*k(l). What is v(-3)?
-6
Let q = 5 + -3. Let h(m) = -4 + 2 + 1 + 0. Let k(z) = -2*z - 2. Let u(g) = 5*h(g) - k(g). Give u(q).
1
Suppose -4*o - 3*w + 4 = 0, o - 6*o + 3*w + 32 = 0. Let r(f) = 6*f + 1. What is r(o)?
25
Let r = -10 - -8. Let x(j) = 0*j**3 - 6*j + j**3 + 3*j - 3. Let i be x(r). Let f(c) = c**3 + 6*c**2 + 3*c - 7. Calculate f(i).
3
Suppose -5*x - 46 + 11 = 0. Let p = x - -4. Let c(s) = -s**2 - 4*s - 2. Let a be c(p). Let t(v) = -v + 1. What is t(a)?
0
Let d(w) = -27*w + 6*w**2 + 14*w + 3*w - 1 + 9*w. Determine d(-1).
6
Suppose 0 = f + 6 - 14. Suppose 1 = -2*y - 5*q, -3*y + 5*q = -4*y - f. Let l = 8 - y. Let s(o) = 8*o. Determine s(l).
8
Suppose 16 = -5*o - 9. Let c(i) be the second derivative of 0 + i**2 - 1/3*i**4 - 1/20*i**5 + 2/3*i**3 + 4*i. What is c(o)?
7
Let z = -3 + 5. Let w(d) = 5 + 2 + d**z - 3. Calculate w(0).
4
Let s(t) = -t**3 - 6*t**2 - 2*t - 1. Let u = -25 - -19. Determine s(u).
11
Let a(x) = -x**3 + 4*x**2 - x - 2. Let l be a(4). Let t be (-4)/l + (-4)/(-3). Let o(c) = 5 + c - c**3 + 2*c**3 - 5*c**2 - 4 - t*c**3. Determine o(-5).
-4
Suppose 0 = -3*p - 4 + 10. Let c(x) = -1 + x**3 + 0*x**3 + 0*x**p - 2*x + x**3 - x**2. Determine c(-1).
-2
Let y(n) = -4*n + 498 - 505 + 6*n. Let w = -5 - -10. What is y(w)?
3
Let o(n) = 3*n - 1. Suppose 7 + 1 = 8*j. Give o(j).
2
Let q(x) be the first derivative of x**6/120 + x**5/20 - x**4/24 + 2*x**3/3 + x**2/2 + 6. Let y(z) be the second derivative of q(z). Calculate y(-3).
7
Let m(y) = 3*y**2 + 1. Let w be m(-1). Let o(k) = k**3 - 4*k**2 - 2*k + 3. Give o(w).
-5
Let f(n) = -n**3 - 9*n**2 - 8*n - 6. Suppose -5*o + 49 = -3*m, -4*m + 4*o = 10 + 42. Give f(m).
-6
Let z(g) be the second derivative of 1/20*g**5 + 2*g + 1/2*g**2 + 1/3*g**3 + 1/4*g**4 + 0. Calculate z(-3).
-5
Let q(n) = n**2 - 5*n - 7. Suppose -5*g + 15 = 5*t, 4*g - 4*t = -g + 42. Calculate q(g).
-1
Suppose -u - 1 + 4 = 0. Let c(x) = 3*x + 3. Let g be c(u). Suppose -2*a = -d - g, -3*a + 13 = -d - 3. Let w(s) = s**3 - 4*s**2. Give w(a).
0
Let j = -16 - -14. Let h(r) = r**3 + 2*r**2 + r - 2. Give h(j).
-4
Let a be (-1)/3*(1 - 40). Let i = 18 - a. Let y(q) = -6*q**2 + 3*q - 4 + 2*q + 3*q**3 - 2*q**3. Give y(i).
-4
Suppose -8 = -5*t + f, -3*f = -4*t + 17 - 4. Suppose 5*h + t = 6, 0 = 5*k + 2*h - 27. Let b be 0 + 2/(2/k). Let o(l) = l**3 - 6*l**2 + 2*l + 7. Give o(b).
-8
Suppose r = -2*r - 6, -3*v + 38 = -r. Let x = v + -17. Let u(p) = p. Let s(m) = -m**2 - 11*m + 4. Let d(w) = -s(w) - 6*u(w). Give d(x).
-4
Suppose -3*p - 5 = -2*p. Let y(q) = -q**3 - 4*q**2 - 5*q - 2*q**2 + 0*q**3 + 5 + 1. What is y(p)?
6
Let o(d) = -d**2 + 13*d + 15. Let m be o(14). Let q be m + (0 + 0 - -3). Let b(w) = w**2 - 2*w - 2. Give b(q).
6
Let k(n) = -15*n. Let o(t) = 23*t. Let d(b) = -8*k(b) - 5*o(b). Determine d(1).
5
Let p(w) be the third derivative of w**6/120 + w**5/10 + w**4/24 + 7*w**3/6 - 30*w**2. Give p(-6).
1
Let q be 170/40 + (-1)/4. Let s(u) = -3 - 7*u + 4*u**2 + q*u**2 - 9*u**2. Calculate s(-3).
9
Let z(u) = u**3 - 12*u**2 + 11*u - 4. Let a be z(11). Let p(b) be the first derivative of -1 + 0*b - 3/2*b**2 - 1/3*b**3. What is p(a)?
-4
Let s be (-2 + 0 - -1) + 2. Let h(l) = -2*l - 6. Let y(w) = 1. Let u(j) = s*h(j) + y(j). Determine u(-6).
7
Let k(w) = w. Let z(n) = -7*n + 12. Let p(v) = -6*k(v) - z(v). What is p(0)?
-12
Suppose -30 = 5*g - 4*n, 0*g - 2*g - 5*n = -21. Let q(l) = -2*l**2 + 2*l + 3. What is q(g)?
-9
Let q(z) be the third derivative of -z**4/4 - z**3/6 - 3*z**2 + 7*z. Suppose -s = 4*s - 5. Suppose -x - s = -0*x. Determine q(x).
5
Let n = -3 + 3. Let p = n - -2. Let j(c) = -6 + 5*c**p + c**2 - 2*c - c**3 - c. Give j(5).
4
Let n(c) = -c + 2. Let u(r) = -r + 3. Let x be u(5). Determine n(x).
4
Let t(k) = -5*k**2 + 2*k + 1. Let n be (3/2)/(7/14). Let g = n - 4. Determine t(g).
-6
Let t = 2 - 5. Let g(u) = -5*u + u - u**2 + 0*u. Calculate g(t).
3
Let y = 17 - 10. Suppose -2*o = -y*o. Suppose o = 2*r + 4, 2*g + r + 12 = -0*r. Let a(j) = -j**3 - 5*j**2 - j - 7. Determine a(g).
-2
Let k(z) = z**2 - 6*z + 5. Let h(r) = 1. Let d(x) = -2*h(x) - k(x). Give d(7).
-14
Let r = 13 - 8. Let f(o) be the second derivative of o**3/3 + o**2 + 2*o + 153. Give f(r).
12
Let n(c) = 3*c + 7. Let g be (-112)/20 + 4/(-10). Let d be 120/(-16)*(-4)/g. Determine n(d).
-8
Let y be (-1 + -3)*3/(-12). Suppose -m + y = 5. Let w = m + 6. Let s(k) = -k**2 + k. Determine s(w).
-2
Let i(w) be the second derivative of 0 + 1/3*w**3 - 1/20*w**5 - w**2 - w - 1/12*w**4. Determine i(-3).
10
Let w be ((-4)/(-6))/((-8)/(-36)). Let b(a) = 5*a**2 - 2*a + 1 + 2*a**3 + 0 - 3*a**w. Let h be 3 - 7/((-14)/4). Calculate b(h).
-9
Let b(g) = -g**2 + 15*g - 6. Let h be b(0). Let t(q) = q. Calculate t(h).
-6
Let l(k) = -k**3 - 4*k**2 - 3*k - 5. Let y(s) = -s**2 + 9*s + 7. Let r(d) = -d**2 + 14*d + 11. Let i(v) = -5*r(v) + 8*y(v). Let g be i(-1). Determine l(g).
7
Suppose n = -2, 2*b = 3*n + 8 + 8. Let m(l) = 2*l**2 - 14*l + 12. Let x(f) = f**2 - 7*f + 6. Let r(j) = -3*m(j) + 7*x(j). Determine r(b).
-4
Let t(h) = -5 + 0 - h**2 - h - 5*h. Suppose -2*c - 4*s = 22, 3*s = -2*c - 2*s - 25. Give t(c).
0
Let a(c) = -c**2 + 1. Let j(v) = -5*v**2 + 6*v + 3. Let b(z) = -4*a(z) + j(z). Give b(5).
4
Let r(s) = -s - 1 + 2 + 5*s. Let p(n) = -n**2 + 6*n - 6. Let l be p(4). Suppose -3*u + 10 = l*u. Give r(u).
9
Let z(n) = -n + 5. Let p(q) = q - 4. Let r(x) = -4*p(x) - 3*z(x). Give r(6).
-5
Let m(b) = -b**2 - 6*b + 1. Let o be m(-6). Let p(w) = 2 + o - 3*w + 2*w - w. Let z = -8 + 11. Determine p(z).
-3
Let f(l) = -l**2 + 11*l - 10. Let r be f(9). Suppose -j + 3*s - r = -5*j, -5*j + 37 = -3*s. Let x(q) = q**2 - 7*q. Give x(j).
-10
Let x(j) be the second derivative of j**3/6 + 5*j**2/2 - 2*j. Let q = 25 + -18. Let z be (-2)/4*(q - -1). What is x(z)?
1
Let h(m) = -m**2 + 5. Suppose -4*f = -3*y + 15, -25 = -f - 3*f - 5*y. Determine h(f).
5
Suppose 19 - 7 = 4*h. Let l(y) = 4*y - 1. Let r(u) = 21*u - 6. Let g(a) = -11*l(a) + 2*r(a). Determine g(h).
-7
Let v(b) = -3*b**2 - 1 + 0*b**2 + b - 12*b**2. Let k be 5/10 - 3/(-6). Give v(k).
-15
Let x(g) = -g**2 + 8*g - 5. Let o(u) = 3*u**2 - 4*u + 2. Let y be o(2). What is x(y)?
7
Suppose 0*b = -3*b + 15. Let m(h) = -4*h**2. Let x(i) = 7*i**2 - i - 1. Let c(w) = -5*m(w) - 3*x(w). Calculate c(b).
-7
Suppose 6 = -3*c - 12. Let f(p) = 5*p. Let t(v) = -6*v + 1. Let n(m) = -5*f(m) - 4*t(m). Calculate n(c).
2
Let x(a) = -3*a + 3. Let l(h) = -h**2. Let r(w) = l(w) - x(w). Suppose -m + 5 = -f - 4*f, 25 = 5*m - 3*f. Calculate r(m).
-13
Let i(w) be the third derivative of 